hat are the prime factors of y?
2, 7, 11
Suppose 6*z - 158 = 106. List the prime factors of z.
2, 11
Let x(h) = h**2 + 15*h + 13*h**2 - 27*h**2 + 10 + h**3. List the prime factors of x(12).
2, 23
What are the prime factors of ((-1652)/(-18) - 5) + 4/18?
3, 29
Suppose 91 = -5*c + 381. Suppose -c - 27 = 5*w. What are the prime factors of (-3)/(-6) - w/2?
3
Let o(b) = -b**3 + 2*b**2 + 2*b + 1. Let v be o(2). Suppose 4 = -v*w - 6. What are the prime factors of (-18)/(3/(-1)) + w?
2
Suppose 0 = -3*y - 35 + 98. What are the prime factors of y?
3, 7
Let x(n) = n**3 + 4*n**2 - 5*n. What are the prime factors of x(-4)?
2, 5
Let z = 25 - 11. List the prime factors of z.
2, 7
Let l(d) = 2*d**2 + 5*d**2 - 4*d - 6 - 3*d. Let w(x) = -20*x**2 + 20*x + 18. Let c(p) = 17*l(p) + 6*w(p). What are the prime factors of c(0)?
2, 3
Let j(a) = -8*a + 4. Let g be j(4). Let p = -40 - g. List the prime factors of p/9*(0 + -6).
2
Suppose 3*a + 294 = 15*k - 12*k, -5*k + 3*a + 500 = 0. List the prime factors of k.
103
Suppose 4*a + 3*c - 356 = 0, -5*c = -3*a + 33 + 263. What are the prime factors of a?
2, 23
Let t be 1*(-2)/(2/11). Let b = t + 28. List the prime factors of b.
17
Let p = -1 - -5. Suppose p*d - 12 = s, -3*s + 5*d - 19 = -4. Suppose -t = -s - 2. List the prime factors of t.
2
Suppose 0 = -2*w - 2*w + 44. Let j = w - 11. Suppose -2*o - 3*m + 24 = -4*m, -o - 2*m + 7 = j. List the prime factors of o.
11
What are the prime factors of (-21)/14*(-34)/3?
17
Let z = 90 - 84. What are the prime factors of z?
2, 3
Let p(i) = -i**2 - 12*i + 9. What are the prime factors of p(-12)?
3
Let u be 8*6*1/4. Let m be ((-16)/6)/((-8)/u). Suppose 0 = o - 2*k - 11, -m*o - k - 1 = -18. List the prime factors of o.
5
Let a = -3 - -3. Let m be 3/(-3) + 3 + a. Suppose m*g + g = 12. What are the prime factors of g?
2
Let l(c) = -c - 5. Let p be l(-4). What are the prime factors of p + (3/3 - -40)?
2, 5
Suppose 4*j - 38 = 34. List the prime factors of j.
2, 3
Let u(x) = 6*x. Let k be u(10). Suppose -k = -4*d - 4. What are the prime factors of d?
2, 7
Suppose -9*j = 41 - 347. Let k(n) = n + 1. Let s be k(2). Suppose d + j = s*d. What are the prime factors of d?
17
Suppose o - 675 = -8*o. What are the prime factors of o?
3, 5
List the prime factors of 4 + (-4 - -53) + 0.
53
What are the prime factors of -1 - (-544)/12*(-27)/(-12)?
101
Let b be (-7)/((-63)/(-6))*6. Let p(l) = 2*l**2 + 6*l. What are the prime factors of p(b)?
2
Let x = 119 - -13. List the prime factors of x.
2, 3, 11
Let x(z) = 3*z + 5. Let d = 3 - -2. What are the prime factors of x(d)?
2, 5
Let q(v) be the second derivative of v**4/12 - v**3/3 - v**2 + 2*v. Let t be 2/5 + 90/25. List the prime factors of q(t).
2, 3
Let r = -348 - -523. What are the prime factors of r?
5, 7
Let a(q) = -5*q**3 + q + 1. What are the prime factors of a(-1)?
5
Let o(l) = -2*l - 9. Let k be o(-6). Suppose k = -a + 2*a. Let x = a - -7. List the prime factors of x.
2, 5
Suppose -89 + 4 = 5*z. Let m = z + 28. What are the prime factors of m?
11
Let s = 119 - 95. List the prime factors of s.
2, 3
Suppose 2*l = 3*l - 5. What are the prime factors of l?
5
Suppose 3*z + 2*j = 147, 2*z + j - 98 = -j. List the prime factors of z.
7
Suppose 16*z = 21*z - 405. List the prime factors of z.
3
Suppose 5*t + 15 = 5*q, -t - 4*t - 3 = -q. Suppose -4*i = 4*a - 7 - 13, -q*i - 1 = -5*a. What are the prime factors of (-1)/i - 16/(-3)?
5
Let k(o) = 8*o**3 - 2*o - 1. Suppose g - 1 = 2*g. Let z be k(g). List the prime factors of (1 - -1)/(-2)*z.
7
Suppose 0*p = -4*f + 3*p + 219, -f + 31 = 4*p. What are the prime factors of f?
3, 17
Let k(w) be the third derivative of w**4/8 - w**3/6 + w**2. What are the prime factors of k(7)?
2, 5
Let q = 5 - 13. Let h(d) = d**3 + 8*d**2 - d. List the prime factors of h(q).
2
Let o = 39 - 9. Suppose -20 = -2*w + o. What are the prime factors of w?
5
Let b be 6/2*12/9. Suppose 0*f - b*f - 103 = -5*r, -r + 5*f + 29 = 0. What are the prime factors of r?
19
Let r(j) = -j**3 - 8*j**2 - j - 3. Let v be r(-8). Let p be 22/10 + 3/(-15). Suppose 0 = 4*x - 5*m - 36, p*x + 12 = -0*x - v*m. List the prime factors of x.
2
Let g be 2/(-1)*(4 - -3). Let j = g - -32. What are the prime factors of j?
2, 3
Let u be 2*(-20)/8*-11. Let v = -31 + u. What are the prime factors of v?
2, 3
Suppose 3*v + s - 467 = 0, 2*s = -3*v - 2*s + 473. List the prime factors of v.
5, 31
Let r = 10 + -13. Let a(k) = k**3 + 6*k**2 - 3*k - 3. What are the prime factors of a(r)?
3, 11
Suppose -111 = -f - 2*f. What are the prime factors of f?
37
Suppose -3*y + 4*y - 33 = 0. What are the prime factors of y?
3, 11
Let b = -5 + 6. Let o = b - -5. List the prime factors of o.
2, 3
Suppose -t = 10 - 5. Let p be (-4)/(-10)*(0 - t). Suppose -p*h = -6*h + 2*u + 38, 0 = -h + u + 11. List the prime factors of h.
2
Let i = 554 - 347. List the prime factors of i.
3, 23
Let n be (-9 - -7) + (-2 - 1). Let t = 34 - 16. Let c = n + t. List the prime factors of c.
13
Suppose -2*x + 240 = 3*x + 5*v, -v = -x + 50. What are the prime factors of x?
7
Suppose -5*o + 13*o = 456. List the prime factors of o.
3, 19
Suppose -2*c - 66 = -4*q, 55 + 6 = 4*q - c. Let w = 23 - q. What are the prime factors of w?
3
Suppose 5*p + 5 = 25. Suppose 15 = 3*g, s + p*g = 5*s - 32. Let l = -5 + s. List the prime factors of l.
2
Let y(g) = g**2 + 6*g + 6. Let x(f) = -f**2 + f + 1. Let i(t) = -5*x(t) + y(t). List the prime factors of i(-2).
23
Let h = -68 + 100. Let q = h + -14. What are the prime factors of q?
2, 3
Let s = -7 - -8. Let y be s - 9/6*-14. Let m = 40 - y. What are the prime factors of m?
2, 3
Let q(j) = 3*j**2 + 5*j + 4. Let i be q(-4). Suppose -3*p = -7*p + i. Suppose -f - f = -p. What are the prime factors of f?
2
Let a(q) = 7*q**3 + 2*q - 1. Let g be a(1). Let p be -1*3/(-4)*g. What are the prime factors of 2/p - (-40)/15?
3
List the prime factors of (58/2)/((-2)/(-2)).
29
Suppose -3 = -7*q + 67. Let f(v) = v**3 + 2*v**2 - 2*v - 1. Let x be f(-3). Let m = q - x. What are the prime factors of m?
2, 7
Suppose 3*l = 4*w + 18, 24 = 4*l + w + 2*w. List the prime factors of l.
2, 3
Let x be ((-4)/(-10))/((-4)/(-120)). Suppose -o + 3*s = 2, 2*s = -s + x. Suppose -3*l + o = -8. List the prime factors of l.
2, 3
Let y be (-6 + 8)*(0 + 1). Let r(n) be the third derivative of n**6/40 - n**5/15 + n**4/12 + n**3/3 - n**2. What are the prime factors of r(y)?
2, 7
Let r(d) = d - 2*d - 3*d - 5*d + 9. What are the prime factors of r(-3)?
2, 3
Suppose 3*j = 9, 30 = 5*s + 5*j - 50. What are the prime factors of s?
13
Suppose -4*l = y - 33, l - 28 = -y + 5. What are the prime factors of y?
3, 11
Suppose 0 = m - 3*m + 5*o + 65, 4*o = -3*m + 132. List the prime factors of m.
2, 5
Let h(g) = -g**3 + 3*g**2 + 5*g - 1. List the prime factors of h(4).
3
Let l be 10/(-4)*6/(-3). Suppose 2*x - 15 = -x, l*g - 4*x + 5 = 0. What are the prime factors of g?
3
Let s(v) = 3*v**2 + v - 15. List the prime factors of s(7).
139
Let n(h) = -2*h + 0*h + 0*h**2 + 6*h**2 - 3*h**2. Let u be n(2). Suppose -5*d = -d - u. What are the prime factors of d?
2
Let s be (4/(-10))/((-3)/15). Suppose -g = s*g - 84. What are the prime factors of g?
2, 7
Let q be (4/5)/(2/5). List the prime factors of (3 - (-22)/2)/q.
7
Suppose 3 = -6*p + 15. Let b(g) = 13*g - 1. List the prime factors of b(p).
5
Let d = 49 - 82. Let g = d - -51. List the prime factors of g.
2, 3
Let t = 4 - 0. Suppose -2*m = t*y + 9 + 5, 0 = -4*m - 5*y - 22. List the prime factors of (0 + 0 + -1)*m.
3
Let f be -1*(-1 + (-2)/2). Suppose -t = f*t. Suppose -3*d + 45 = -t*d. List the prime factors of d.
3, 5
Let f(r) = 3*r + 9. Let p be f(6). Suppose -2*z + p = -35. What are the prime factors of z?
31
Suppose 2*l = l - 11. Let b = -8 - l. Suppose -v + b*v = 20. List the prime factors of v.
2, 5
Let q(o) = -o**3 - 4*o**2 + 5*o + 5. Let a be q(-5). Suppose 26 = a*c - 54. List the prime factors of c.
2
Let x be 8/3*(3 - 6). Suppose 0 = 2*c + 8 + 8. What are the prime factors of (-2)/c - 38/x?
5
Let n(v) = 59*v**2 - 2*v - 2. Suppose 2 = -w - w. What are the prime factors of n(w)?
59
Suppose -3*s - i + 8 = 0, -2*i = -0*s - s - 9. Suppose -4*u + 5*b = 5, -3*b + 2*b = -2*u - s. Let h = u - -13. What are the prime factors of h?
13
Suppose -5*r = 2*d + 9, 4*r - 2*r + 9 = d. Suppose 2*n + d*n =